What is the greatest common divisor of 10 and f?
10
Let a(u) = 171*u. Let c be a(5). Suppose 2*o = -3*o + c. Let z = -38 - -57. What is the greatest common factor of o and z?
19
Suppose -5*s - q + 20 = 0, -5*s - q + 20 = 3*q. What is the highest common factor of 6 and s?
2
Let j be (-18)/(-4)*(-22)/(-3). Let c = 9 + j. What is the greatest common divisor of 28 and c?
14
Let j(u) = -4*u**3 + u**3 - 6*u**2 - 5*u + 6 + 2*u**3. Let f be j(-5). What is the highest common factor of f and 15?
3
Let w(c) = 2*c + 19. Let p be w(0). Calculate the greatest common divisor of 19 and p.
19
Let r(g) = -7*g - 1. Let t be r(-1). Suppose 12 = 3*o + 3. Suppose -2*z + 0*f + 4*f + 38 = 0, 2*f + 37 = o*z. Calculate the greatest common factor of t and z.
3
Let y(d) be the third derivative of 0 - 1/8*d**4 + 0*d + 2*d**2 - 2/3*d**3. Let c be y(-8). Calculate the greatest common divisor of 30 and c.
10
Let t = -5 - -5. Suppose -2*c + 4 = t, 18 = 2*f - 2*c + 3*c. What is the highest common divisor of f and 8?
8
Let n(y) = -7*y - 6. Let g be n(-6). Suppose -11*u + 14*u - 36 = 0. What is the highest common divisor of g and u?
12
Let s be 6/((-7)/(448/(-12))). What is the greatest common divisor of 16 and s?
16
Suppose 116 - 21 = g. Let f = 41 + -22. What is the highest common factor of f and g?
19
Suppose -u + 0*u = -32. Let t = 21 - 6. Let j = t + -11. What is the highest common divisor of j and u?
4
Let i(v) = 3*v. Let l be i(-4). Let c = l + 31. Let g = c - 7. Calculate the greatest common factor of g and 84.
12
Let g(m) = -m**2 + 11*m - 8. Let f = 18 + -11. Let h be g(f). What is the greatest common divisor of h and 5?
5
Let s(i) = 3*i + 1. Let u be s(-2). Let d(o) = o**2 + 6*o + 5. Let b be d(u). Suppose b = 2*v + 3*v - 275. What is the greatest common divisor of v and 22?
11
Let x = -5 - -17. Calculate the highest common factor of x and 8.
4
Let h(u) = u**3 + 5*u**2 - 5*u. Let y be h(-4). Suppose 2*r + 4*w = -44, -w = -4*w + 3. Let m = -6 - r. What is the greatest common factor of y and m?
18
Suppose -32 - 58 = -18*l. Let u be 2*1 + -2 + 2. Suppose 3*g - 42 = -3*m, u = -m + 5*g - 8. Calculate the greatest common divisor of l and m.
5
Let u be (2*33/(-2))/(6/(-20)). What is the greatest common divisor of u and 44?
22
Let h be 405/30*(2 + 4/(-3)). What is the highest common factor of h and 12?
3
Let d = -2 + 5. Suppose -3*o + d + 27 = 0. What is the highest common factor of 30 and o?
10
Let t be ((-40)/(-6))/(-2)*3. Let x(s) = 4*s**3 + 2*s**2 - 2*s. Let h be x(-2). Let p be (-4)/t + (-12)/h. Calculate the highest common divisor of p and 9.
1
Suppose -3*a = 5*f - 221, -f + 2*a + 2*a + 58 = 0. What is the greatest common factor of 115 and f?
23
Let m be 6*1/(-36)*-4*3. Let k = 4 - 3. What is the highest common divisor of k and m?
1
Let c be (10/(-4))/(-5)*8. Let b(l) = l + c*l + 2 + 0*l. Let a be b(4). What is the highest common factor of a and 88?
22
Let a = 129 + -125. What is the greatest common factor of a and 16?
4
Suppose 0 = 5*x - 700 - 1380. Suppose 0 = -5*g + 169 + x. Suppose -z + 6*z - 65 = 0. Calculate the highest common factor of g and z.
13
Let k = -3 - -19. Suppose 9*v - 4*v - 640 = 0. Calculate the highest common divisor of v and k.
16
Let z = 209 + -120. Let g be (-1 - z)*(-4)/10. Calculate the highest common divisor of 6 and g.
6
Let z = 3 + 30. What is the greatest common divisor of z and 33?
33
Let l(f) = -f**2 - 5*f - 2. Let w be l(4). Let a = w - -53. Suppose 0 = -6*q - 0*q + 270. Calculate the greatest common factor of a and q.
15
Let j(w) = -2*w - 3. Let y be j(-21). What is the greatest common divisor of 39 and y?
39
Let c(r) = -4*r + 6. Let t be c(5). Let s = t - -33. What is the highest common divisor of s and 209?
19
Let s be (-27)/2*(-4)/3. Let d be 89 - (-2 - -1) - 0. Calculate the highest common divisor of d and s.
18
Let q(d) = -d**2 - 11*d - 9. Let v be q(-8). What is the highest common divisor of v and 6?
3
Suppose 0 = 4*t + 2 + 2. Let b(w) = -3*w**2 - 1. Let v be b(t). Let s = v + 14. What is the highest common factor of 25 and s?
5
Suppose -4*s + 77 = 5*j, 1 = 4*s - 4*j - 31. What is the highest common divisor of s and 91?
13
Suppose l - 28 = -l. Suppose 18 = -5*m + 88. Calculate the greatest common factor of l and m.
14
Let q(v) = 2*v + 1. Suppose -r + 2 = -3. Let k be q(r). What is the greatest common factor of k and 22?
11
Suppose -2*q - 3*z = -56, -6 = 4*z + 10. What is the greatest common factor of 17 and q?
17
Let w(z) = -z - 2. Let s be w(-8). Let q be s*3/(-6)*-1. Calculate the greatest common factor of q and 27.
3
Let j(o) = -o**2 + 13*o - 5. Let g be j(9). Calculate the highest common factor of g and 248.
31
Let t be (-51)/(-6) + 3 + 18/(-4). What is the greatest common divisor of 35 and t?
7
Let b = 7 - 3. Suppose 13 = 3*k - 8*k - 3*x, -b*x - 2 = -k. Let a = k - -18. What is the highest common divisor of a and 4?
4
Suppose 0 = 5*r + 4*u - 100 + 38, 5*r - 44 = 2*u. Let b = -3 + 5. Calculate the highest common factor of b and r.
2
Let j(u) = 4*u**3 - 3*u**2 - 5*u + 15. Let m(d) = d**3 + d**2 + 1. Let v(b) = -j(b) + 5*m(b). Let t be v(-7). What is the highest common divisor of t and 44?
4
Let i be (-2)/2*(0 + -13). Calculate the highest common divisor of i and 39.
13
Suppose -10 = -3*h + 35. Let x be 3/h - 59/(-5). Calculate the greatest common divisor of x and 96.
12
Suppose 0 = a + 3*a - 72. Let q(k) = 3*k**2 - 16*k - 3. Let y be q(-3). What is the highest common factor of a and y?
18
Let l be (-12)/(-21)*(-7)/(-2). Let z(b) = -b - 7. Let h be z(-8). Calculate the greatest common divisor of l and h.
1
Suppose 0*x + 28 = y - 2*x, 2*y - 60 = 3*x. Calculate the greatest common factor of y and 9.
9
Let a = -5 + 29. What is the greatest common divisor of a and 120?
24
Suppose 3*l - 5*l = -12. Let m be ((-9)/(-1))/((-2)/(-2)). What is the highest common divisor of l and m?
3
Let a = -27 + 39. Suppose -4*i - a + 56 = 0. What is the greatest common divisor of 11 and i?
11
Suppose 0 = 3*b + b - 12. Suppose b*d + 31 = 7*d + 3*u, -d = 4*u + 2. Suppose 6 + 1 = 2*z + h, -z = -2*h + 4. Calculate the highest common factor of d and z.
2
Suppose 27 = 3*n - 21. Let u = -2 + 4. Let i(h) = 40*h. Let l be i(u). Calculate the greatest common divisor of l and n.
16
Let j = -18 + 24. Calculate the highest common factor of j and 18.
6
Suppose 0 = n + n - 2. Let y = n - 8. Let v(j) = j**2 - 7. Let q be v(y). What is the greatest common factor of q and 14?
14
Let w be (-12)/4*456/(-9). Let m = -5 - -24. Calculate the greatest common factor of w and m.
19
Suppose 3*w - 4 - 2 = 0. Let t be ((-12)/w)/((-12)/16). Let s(d) = 4*d**2 + 6*d. Let g be s(-4). Calculate the greatest common factor of g and t.
8
Let d = -73 + 117. What is the greatest common divisor of 66 and d?
22
Suppose 0*q - 2*q = 5*l - 23, -45 = -3*q + 3*l. Let c = 98 + q. Calculate the greatest common factor of 14 and c.
14
Let n be (2/4)/(5/30). Suppose 0 = y - 0*y - 5*k - 21, y + n*k - 5 = 0. What is the highest common divisor of 11 and y?
11
Let a be 4/((-1)/6*-1). Let z be 6460/30 - ((-6)/(-9))/(-1). Calculate the highest common factor of z and a.
24
Let v = -172 - -271. Calculate the greatest common divisor of v and 11.
11
Suppose -3*d + 38 = s - 14, 0 = 5*s - 5*d - 340. Suppose -6 + 0 = -2*b + 5*i, -2*b + 18 = i. What is the greatest common factor of b and s?
8
Suppose -x + 2*c = 78, -2*c + 0 = 2. Let g = x - -116. What is the greatest common factor of 9 and g?
9
Let l(i) = 69*i**3 + 2*i**2 - i. Let m be l(1). Let t = -7 + 14. Calculate the highest common factor of m and t.
7
Suppose -3*t = -12 + 3. What is the highest common divisor of 15 and t?
3
Let m = 29 - 114. Let c be 3 - m*3/3. What is the highest common divisor of c and 22?
22
Let b(h) = -10*h + 4. Let o be b(-8). Suppose 0 = 4*y + 2*w - 8 - 66, 5*y + 3*w = 90. Calculate the greatest common factor of o and y.
21
Suppose 4*q - 292 = 172. Let z = 115 + -86. What is the highest common divisor of z and q?
29
Let m(y) = 20*y + 10. Let h be m(5). What is the greatest common divisor of h and 10?
10
Suppose -2*s - 115 = -7*s. Calculate the greatest common divisor of 23 and s.
23
Let a(u) be the third derivative of -5*u**4/24 - u**3/6 - 3*u**2. Let k be a(-1). What is the greatest common divisor of k and 16?
4
Let l(j) = -j**3 - 4*